{"id":93,"date":"2025-07-17T16:02:50","date_gmt":"2025-07-17T16:02:50","guid":{"rendered":"https:\/\/hellingerkft.hu\/?page_id=93"},"modified":"2025-09-10T13:33:45","modified_gmt":"2025-09-10T13:33:45","slug":"referenciak","status":"publish","type":"page","link":"https:\/\/hellingerkft.hu\/?page_id=93","title":{"rendered":"Referenci\u00e1k"},"content":{"rendered":"\n<div style=\"opacity: 0;\" superb-addons-animation=\"revealbtt\" data-aos= \"flip-left\" data-aos-duration=\"400\" data-aos-delay=\"0\" data-aos-easing=\"ease\" data-aos-once=\"true\" class=\"wp-block-uagb-advanced-heading uagb-block-973072d1\"><h2 class=\"uagb-heading-text\">Referenci\u00e1nk<\/h2><div class=\"uagb-separator\"><\/div><\/div>\n\n\n\n<div data-aos= \"zoom-out\" data-aos-duration=\"400\" data-aos-delay=\"0\" data-aos-easing=\"ease\" data-aos-once=\"true\" class=\"wp-block-uagb-container uagb-block-f5df4442 alignfull uagb-is-root-container\"><div class=\"uagb-container-inner-blocks-wrap\">\n<div class=\"wp-block-uagb-container uagb-block-93e6cab8\">\n<figure class=\"wp-block-image size-large\"><img fetchpriority=\"high\" decoding=\"async\" width=\"1024\" height=\"768\" src=\"https:\/\/hellingerkft.hu\/wp-content\/uploads\/2025\/08\/Hellinger-Kft-Generalkivitelezes-hazepites-1024x768.jpg\" alt=\"Gy\u00e1rt\u00f3csarnok \u00e9p\u00edt\u00e9s Hellinger \u00c9p\u00edt\u0151ipa\" class=\"wp-image-155\" srcset=\"https:\/\/hellingerkft.hu\/wp-content\/uploads\/2025\/08\/Hellinger-Kft-Generalkivitelezes-hazepites-1024x768.jpg 1024w, https:\/\/hellingerkft.hu\/wp-content\/uploads\/2025\/08\/Hellinger-Kft-Generalkivitelezes-hazepites-300x225.jpg 300w, https:\/\/hellingerkft.hu\/wp-content\/uploads\/2025\/08\/Hellinger-Kft-Generalkivitelezes-hazepites-768x576.jpg 768w, https:\/\/hellingerkft.hu\/wp-content\/uploads\/2025\/08\/Hellinger-Kft-Generalkivitelezes-hazepites-1536x1152.jpg 1536w, https:\/\/hellingerkft.hu\/wp-content\/uploads\/2025\/08\/Hellinger-Kft-Generalkivitelezes-hazepites-2048x1536.jpg 2048w\" sizes=\"(max-width: 1024px) 100vw, 1024px\" \/><\/figure>\n<\/div>\n\n\n\n<div class=\"wp-block-uagb-container uagb-block-5dae9889\">\n<figure class=\"wp-block-image size-large\"><img decoding=\"async\" width=\"1024\" height=\"768\" src=\"https:\/\/hellingerkft.hu\/wp-content\/uploads\/2025\/08\/Hellinger-ipari-csarnokok-Bataszek-generalkivitelezes-1024x768.jpg\" alt=\"Ac\u00e9lszerkezet szerel\u00e9s B\u00e1tasz\u00e9k\" class=\"wp-image-154\" srcset=\"https:\/\/hellingerkft.hu\/wp-content\/uploads\/2025\/08\/Hellinger-ipari-csarnokok-Bataszek-generalkivitelezes-1024x768.jpg 1024w, https:\/\/hellingerkft.hu\/wp-content\/uploads\/2025\/08\/Hellinger-ipari-csarnokok-Bataszek-generalkivitelezes-300x225.jpg 300w, https:\/\/hellingerkft.hu\/wp-content\/uploads\/2025\/08\/Hellinger-ipari-csarnokok-Bataszek-generalkivitelezes-768x576.jpg 768w, https:\/\/hellingerkft.hu\/wp-content\/uploads\/2025\/08\/Hellinger-ipari-csarnokok-Bataszek-generalkivitelezes-1536x1152.jpg 1536w, https:\/\/hellingerkft.hu\/wp-content\/uploads\/2025\/08\/Hellinger-ipari-csarnokok-Bataszek-generalkivitelezes-2048x1536.jpg 2048w\" sizes=\"(max-width: 1024px) 100vw, 1024px\" \/><\/figure>\n<\/div>\n\n\n\n<div class=\"wp-block-uagb-container uagb-block-8ea4f399\">\n<figure class=\"wp-block-image size-large\"><img decoding=\"async\" width=\"1024\" height=\"768\" src=\"https:\/\/hellingerkft.hu\/wp-content\/uploads\/2025\/08\/Ipari-Csarnokok-generalkivitelezes-Hellinger-kft-1024x768.jpg\" alt=\"Ac\u00e9lszerkezet gy\u00e1rt\u00e1s Magyarorsz\u00e1g\" class=\"wp-image-153\" srcset=\"https:\/\/hellingerkft.hu\/wp-content\/uploads\/2025\/08\/Ipari-Csarnokok-generalkivitelezes-Hellinger-kft-1024x768.jpg 1024w, https:\/\/hellingerkft.hu\/wp-content\/uploads\/2025\/08\/Ipari-Csarnokok-generalkivitelezes-Hellinger-kft-300x225.jpg 300w, https:\/\/hellingerkft.hu\/wp-content\/uploads\/2025\/08\/Ipari-Csarnokok-generalkivitelezes-Hellinger-kft-768x576.jpg 768w, https:\/\/hellingerkft.hu\/wp-content\/uploads\/2025\/08\/Ipari-Csarnokok-generalkivitelezes-Hellinger-kft-1536x1152.jpg 1536w, https:\/\/hellingerkft.hu\/wp-content\/uploads\/2025\/08\/Ipari-Csarnokok-generalkivitelezes-Hellinger-kft-2048x1536.jpg 2048w\" sizes=\"(max-width: 1024px) 100vw, 1024px\" \/><\/figure>\n<\/div>\n<\/div><\/div>\n\n\n\n<div data-aos= \"zoom-out\" data-aos-duration=\"400\" data-aos-delay=\"0\" data-aos-easing=\"ease\" data-aos-once=\"true\" class=\"wp-block-uagb-container uagb-block-3f9af114 alignfull uagb-is-root-container\"><div class=\"uagb-container-inner-blocks-wrap\">\n<div class=\"wp-block-uagb-container uagb-block-30ff00b1\">\n<figure class=\"wp-block-image size-large\"><img loading=\"lazy\" decoding=\"async\" width=\"1024\" height=\"521\" src=\"https:\/\/hellingerkft.hu\/wp-content\/uploads\/2025\/08\/Hellinger-Bataszek-acelszerkezet-epites-ipari-csarnokok-1024x521.jpeg\" alt=\"Hellinger \u00c9p\u00edt\u0151ipar rakt\u00e1rcsarnok\" class=\"wp-image-152\" style=\"aspect-ratio:4\/3;object-fit:cover\" srcset=\"https:\/\/hellingerkft.hu\/wp-content\/uploads\/2025\/08\/Hellinger-Bataszek-acelszerkezet-epites-ipari-csarnokok-1024x521.jpeg 1024w, https:\/\/hellingerkft.hu\/wp-content\/uploads\/2025\/08\/Hellinger-Bataszek-acelszerkezet-epites-ipari-csarnokok-300x153.jpeg 300w, https:\/\/hellingerkft.hu\/wp-content\/uploads\/2025\/08\/Hellinger-Bataszek-acelszerkezet-epites-ipari-csarnokok-768x390.jpeg 768w, https:\/\/hellingerkft.hu\/wp-content\/uploads\/2025\/08\/Hellinger-Bataszek-acelszerkezet-epites-ipari-csarnokok-1536x781.jpeg 1536w, https:\/\/hellingerkft.hu\/wp-content\/uploads\/2025\/08\/Hellinger-Bataszek-acelszerkezet-epites-ipari-csarnokok.jpeg 1920w\" sizes=\"(max-width: 1024px) 100vw, 1024px\" \/><\/figure>\n<\/div>\n\n\n\n<div class=\"wp-block-uagb-container uagb-block-b0179def\">\n<figure class=\"wp-block-image size-large\"><img loading=\"lazy\" decoding=\"async\" width=\"1024\" height=\"768\" src=\"https:\/\/hellingerkft.hu\/wp-content\/uploads\/2025\/08\/Hellinger-Bataszek-felujitas-atalakitas-1024x768.jpg\" alt=\"\u00c9p\u00edt\u0151ipari kivitelez\u00e9s Hellinger\" class=\"wp-image-147\" srcset=\"https:\/\/hellingerkft.hu\/wp-content\/uploads\/2025\/08\/Hellinger-Bataszek-felujitas-atalakitas-1024x768.jpg 1024w, https:\/\/hellingerkft.hu\/wp-content\/uploads\/2025\/08\/Hellinger-Bataszek-felujitas-atalakitas-300x225.jpg 300w, https:\/\/hellingerkft.hu\/wp-content\/uploads\/2025\/08\/Hellinger-Bataszek-felujitas-atalakitas-768x576.jpg 768w, https:\/\/hellingerkft.hu\/wp-content\/uploads\/2025\/08\/Hellinger-Bataszek-felujitas-atalakitas-1536x1152.jpg 1536w, https:\/\/hellingerkft.hu\/wp-content\/uploads\/2025\/08\/Hellinger-Bataszek-felujitas-atalakitas-2048x1536.jpg 2048w\" sizes=\"(max-width: 1024px) 100vw, 1024px\" \/><\/figure>\n<\/div>\n\n\n\n<div class=\"wp-block-uagb-container uagb-block-38ead707\">\n<figure class=\"wp-block-image size-large\"><img loading=\"lazy\" decoding=\"async\" width=\"1024\" height=\"768\" src=\"https:\/\/hellingerkft.hu\/wp-content\/uploads\/2025\/08\/Bataszek-Csaladi-hazak-epitese-Hellinger-1024x768.jpg\" alt=\"Hellinger \u00c9p\u00edt\u0151ipar referencia h\u00e1z\" class=\"wp-image-146\" srcset=\"https:\/\/hellingerkft.hu\/wp-content\/uploads\/2025\/08\/Bataszek-Csaladi-hazak-epitese-Hellinger-1024x768.jpg 1024w, https:\/\/hellingerkft.hu\/wp-content\/uploads\/2025\/08\/Bataszek-Csaladi-hazak-epitese-Hellinger-300x225.jpg 300w, https:\/\/hellingerkft.hu\/wp-content\/uploads\/2025\/08\/Bataszek-Csaladi-hazak-epitese-Hellinger-768x576.jpg 768w, https:\/\/hellingerkft.hu\/wp-content\/uploads\/2025\/08\/Bataszek-Csaladi-hazak-epitese-Hellinger-1536x1152.jpg 1536w, https:\/\/hellingerkft.hu\/wp-content\/uploads\/2025\/08\/Bataszek-Csaladi-hazak-epitese-Hellinger-2048x1536.jpg 2048w\" sizes=\"(max-width: 1024px) 100vw, 1024px\" \/><\/figure>\n<\/div>\n<\/div><\/div>\n\n\n\n<div data-aos= \"zoom-out\" data-aos-duration=\"400\" data-aos-delay=\"0\" data-aos-easing=\"ease\" data-aos-once=\"true\" class=\"wp-block-uagb-container uagb-block-154fb1de alignfull uagb-is-root-container\"><div class=\"uagb-container-inner-blocks-wrap\">\n<div class=\"wp-block-uagb-container uagb-block-69afa43f\">\n<figure class=\"wp-block-image size-large\"><img loading=\"lazy\" decoding=\"async\" width=\"1024\" height=\"768\" src=\"https:\/\/hellingerkft.hu\/wp-content\/uploads\/2025\/08\/1000010520-1-1024x768.jpg\" alt=\"Hellinger \u00c9p\u00edt\u0151ipar ac\u00e9lszerkezet B\u00e1tasz\u00e9k\" class=\"wp-image-165\" style=\"aspect-ratio:4\/3;object-fit:cover\" srcset=\"https:\/\/hellingerkft.hu\/wp-content\/uploads\/2025\/08\/1000010520-1-1024x768.jpg 1024w, https:\/\/hellingerkft.hu\/wp-content\/uploads\/2025\/08\/1000010520-1-300x225.jpg 300w, https:\/\/hellingerkft.hu\/wp-content\/uploads\/2025\/08\/1000010520-1-768x576.jpg 768w, https:\/\/hellingerkft.hu\/wp-content\/uploads\/2025\/08\/1000010520-1-1536x1152.jpg 1536w, https:\/\/hellingerkft.hu\/wp-content\/uploads\/2025\/08\/1000010520-1-2048x1536.jpg 2048w\" sizes=\"(max-width: 1024px) 100vw, 1024px\" \/><\/figure>\n<\/div>\n\n\n\n<div class=\"wp-block-uagb-container uagb-block-db87277e\">\n<figure class=\"wp-block-image size-large\"><img loading=\"lazy\" decoding=\"async\" width=\"768\" height=\"1024\" src=\"https:\/\/hellingerkft.hu\/wp-content\/uploads\/2025\/08\/1000010518-768x1024.jpg\" alt=\"Ipari ac\u00e9lszerkezet kivitelez\u00e9s B\u00e1tasz\u00e9k\" class=\"wp-image-166\" style=\"aspect-ratio:4\/3;object-fit:cover\" srcset=\"https:\/\/hellingerkft.hu\/wp-content\/uploads\/2025\/08\/1000010518-768x1024.jpg 768w, https:\/\/hellingerkft.hu\/wp-content\/uploads\/2025\/08\/1000010518-225x300.jpg 225w, https:\/\/hellingerkft.hu\/wp-content\/uploads\/2025\/08\/1000010518-1152x1536.jpg 1152w, https:\/\/hellingerkft.hu\/wp-content\/uploads\/2025\/08\/1000010518-1536x2048.jpg 1536w, https:\/\/hellingerkft.hu\/wp-content\/uploads\/2025\/08\/1000010518-scaled.jpg 1920w\" sizes=\"(max-width: 768px) 100vw, 768px\" \/><\/figure>\n<\/div>\n\n\n\n<div class=\"wp-block-uagb-container uagb-block-c61bbd4a\">\n<figure class=\"wp-block-image size-large\"><img loading=\"lazy\" decoding=\"async\" width=\"1024\" height=\"768\" src=\"https:\/\/hellingerkft.hu\/wp-content\/uploads\/2025\/08\/Bataszek-Hellinger-Ipari-csarnokok-epitese-1024x768.jpg\" alt=\"Ac\u00e9lszerkezet szerel\u00e9s B\u00e1tasz\u00e9k\" class=\"wp-image-145\" srcset=\"https:\/\/hellingerkft.hu\/wp-content\/uploads\/2025\/08\/Bataszek-Hellinger-Ipari-csarnokok-epitese-1024x768.jpg 1024w, https:\/\/hellingerkft.hu\/wp-content\/uploads\/2025\/08\/Bataszek-Hellinger-Ipari-csarnokok-epitese-300x225.jpg 300w, https:\/\/hellingerkft.hu\/wp-content\/uploads\/2025\/08\/Bataszek-Hellinger-Ipari-csarnokok-epitese-768x576.jpg 768w, https:\/\/hellingerkft.hu\/wp-content\/uploads\/2025\/08\/Bataszek-Hellinger-Ipari-csarnokok-epitese-1536x1152.jpg 1536w, https:\/\/hellingerkft.hu\/wp-content\/uploads\/2025\/08\/Bataszek-Hellinger-Ipari-csarnokok-epitese-2048x1536.jpg 2048w\" sizes=\"(max-width: 1024px) 100vw, 1024px\" \/><\/figure>\n<\/div>\n<\/div><\/div>\n","protected":false},"excerpt":{"rendered":"<p>Referenci\u00e1nk<\/p>\n","protected":false},"author":1,"featured_media":0,"parent":0,"menu_order":0,"comment_status":"closed","ping_status":"closed","template":"","meta":{"_gspb_post_css":"","_uag_custom_page_level_css":"","footnotes":""},"class_list":["post-93","page","type-page","status-publish","hentry"],"uagb_featured_image_src":{"full":false,"thumbnail":false,"medium":false,"medium_large":false,"large":false,"1536x1536":false,"2048x2048":false},"uagb_author_info":{"display_name":"admin","author_link":"https:\/\/hellingerkft.hu\/?author=1"},"uagb_comment_info":0,"uagb_excerpt":"Referenci\u00e1nk","_links":{"self":[{"href":"https:\/\/hellingerkft.hu\/index.php?rest_route=\/wp\/v2\/pages\/93","targetHints":{"allow":["GET"]}}],"collection":[{"href":"https:\/\/hellingerkft.hu\/index.php?rest_route=\/wp\/v2\/pages"}],"about":[{"href":"https:\/\/hellingerkft.hu\/index.php?rest_route=\/wp\/v2\/types\/page"}],"author":[{"embeddable":true,"href":"https:\/\/hellingerkft.hu\/index.php?rest_route=\/wp\/v2\/users\/1"}],"replies":[{"embeddable":true,"href":"https:\/\/hellingerkft.hu\/index.php?rest_route=%2Fwp%2Fv2%2Fcomments&post=93"}],"version-history":[{"count":15,"href":"https:\/\/hellingerkft.hu\/index.php?rest_route=\/wp\/v2\/pages\/93\/revisions"}],"predecessor-version":[{"id":217,"href":"https:\/\/hellingerkft.hu\/index.php?rest_route=\/wp\/v2\/pages\/93\/revisions\/217"}],"wp:attachment":[{"href":"https:\/\/hellingerkft.hu\/index.php?rest_route=%2Fwp%2Fv2%2Fmedia&parent=93"}],"curies":[{"name":"wp","href":"https:\/\/api.w.org\/{rel}","templated":true}]}}